{"id":235,"date":"2023-08-10T15:36:40","date_gmt":"2023-08-10T15:36:40","guid":{"rendered":"https:\/\/citricospro.com.mx\/?page_id=235"},"modified":"2023-08-10T15:42:34","modified_gmt":"2023-08-10T15:42:34","slug":"cocina-2","status":"publish","type":"page","link":"https:\/\/citricospro.com.mx\/index.php\/cocina-2\/","title":{"rendered":"Cocina"},"content":{"rendered":"\n<div class=\"wp-block-advgb-accordions advgb-accordions-4fa4a99c-bd84-422d-ad7e-f7784b57f9aa advgb-accordion-wrapper\">\n<div class=\"wp-block-advgb-accordion-item advgb-accordion-item\" style=\"margin-bottom:15px\"><div class=\"advgb-accordion-header\" style=\"background-color:#000;color:#eee;border-style:solid;border-width:1px;border-radius:2px\"><span class=\"advgb-accordion-header-icon\"><svg fill=\"#fff\" xmlns=\"http:\/\/www.w3.org\/2000\/svg\" width=\"24\" height=\"24\" viewBox=\"0 0 24 24\"><path fill=\"none\" d=\"M0,0h24v24H0V0z\"><\/path><path d=\"M12,5.83L15.17,9l1.41-1.41L12,3L7.41,7.59L8.83,9L12,5.83z M12,18.17L8.83,15l-1.41,1.41L12,21l4.59-4.59L15.17,15 L12,18.17z\"><\/path><\/svg><\/span><h4 class=\"advgb-accordion-header-title\" style=\"color:inherit\">Mousse de Lim\u00f3n<\/h4><\/div><div class=\"advgb-accordion-body\" style=\"border-style:solid !important;border-width:1px !important;border-color:undefined !important;border-top:none !important;border-radius:2px !important\">\n<p>Ingredientes:<\/p>\n\n\n\n<p>Base<\/p>\n\n\n\n<ul>\n<li>90g de mantequilla<\/li>\n\n\n\n<li>180g de galletas de vainilla<\/li>\n<\/ul>\n\n\n\n<p>Mousse<\/p>\n\n\n\n<ul>\n<li>15g de grenetina<\/li>\n\n\n\n<li>75ml de agua<\/li>\n\n\n\n<li>400ml o una lata de leche condensada de<\/li>\n\n\n\n<li>150ml de jugo de lim\u00f3n fresco<\/li>\n\n\n\n<li>400ml de crema para batir<\/li>\n<\/ul>\n\n\n\n<p>Receta:<\/p>\n\n\n\n<ol type=\"1\">\n<li>Forra el fondo de un recipiente con papel encerado, engrasando ligeramente los lados con mantequilla. Esto facilitar\u00e1 el desmoldado del postre.<\/li>\n\n\n\n<li>Tritura las galletas tipo mar\u00eda hasta obtener un polvo fino. En un taz\u00f3n, combina las galletas trituradas con la mantequilla derretida, mezclando hasta obtener una masa homog\u00e9nea. Presiona esta mezcla en el fondo del recipiente para crear la base de la mousse. Reserva en el refrigerador mientras preparas el mousse.<\/li>\n\n\n\n<li>En un peque\u00f1o recipiente, esparce la grenetina en polvo sobre el agua y deja reposar durante unos minutos para que se hidrate. Luego, calienta suavemente la mezcla en el microondas o en la estufa hasta que la grenetina se disuelva por completo. Deja enfriar ligeramente.<\/li>\n\n\n\n<li>En un taz\u00f3n grande, mezcla la leche condensada con el jugo de lim\u00f3n fresco. Agrega la grenetina disuelta y revuelve hasta obtener una mezcla uniforme.<\/li>\n\n\n\n<li>En otro taz\u00f3n, bate la crema para batir hasta que forme picos suaves. Con movimientos suaves y envolventes, incorpora la crema batida a la mezcla de leche condensada y lim\u00f3n. Esto dar\u00e1 a la mezcla una textura esponjosa y ligera.<\/li>\n\n\n\n<li>Vierte la mezcla de mousse sobre la base de galleta en el recipiente. Alisa la superficie con una esp\u00e1tula.<\/li>\n\n\n\n<li>Refrigera el mousse durante al menos 4 horas, o hasta que est\u00e9 firme.<\/li>\n\n\n\n<li>Si lo deseas, decora el mousse de lim\u00f3n con merengue italiano y rodajas de lim\u00f3n antes de servir.<\/li>\n\n\n\n<li>Disfruta de este delicioso mousse de lim\u00f3n como postre refrescante en cualquier ocasi\u00f3n.<\/li>\n<\/ol>\n<\/div><\/div>\n<\/div>\n\n\n\n<div class=\"wp-block-advgb-accordions advgb-accordions-2ed9ea49-281a-469e-8a7c-637f5e595671 advgb-accordion-wrapper\">\n<div class=\"wp-block-advgb-accordion-item advgb-accordion-item\" style=\"margin-bottom:15px\"><div class=\"advgb-accordion-header\" style=\"background-color:#000;color:#eee;border-style:solid;border-width:1px;border-radius:2px\"><span class=\"advgb-accordion-header-icon\"><svg fill=\"#fff\" xmlns=\"http:\/\/www.w3.org\/2000\/svg\" width=\"24\" height=\"24\" viewBox=\"0 0 24 24\"><path fill=\"none\" d=\"M0,0h24v24H0V0z\"><\/path><path d=\"M12,5.83L15.17,9l1.41-1.41L12,3L7.41,7.59L8.83,9L12,5.83z M12,18.17L8.83,15l-1.41,1.41L12,21l4.59-4.59L15.17,15 L12,18.17z\"><\/path><\/svg><\/span><h4 class=\"advgb-accordion-header-title\" style=\"color:inherit\">Merengue Italiano<\/h4><\/div><div class=\"advgb-accordion-body\" style=\"border-style:solid !important;border-width:1px !important;border-color:undefined !important;border-top:none !important;border-radius:2px !important\">\n<p>Ingredientes:<\/p>\n\n\n\n<p>&#8211; 100 ml de agua<\/p>\n\n\n\n<p>&#8211; 200 g de az\u00facar<\/p>\n\n\n\n<p>&#8211; 100 g de claras de huevo<\/p>\n\n\n\n<p>&#8211; Gotas de lim\u00f3n Eureka al gusto<\/p>\n\n\n\n<p>Instrucciones:<\/p>\n\n\n\n<p>Elaboraci\u00f3n del Alm\u00edbar<\/p>\n\n\n\n<p>1. Primero, en una olla ponemos a calentar a fuego medio los 100 ml de agua y los 200 g de az\u00facar. Deja que la mezcla hierva suavemente hasta que el az\u00facar se disuelva por completo y se forme un alm\u00edbar espeso y brillante.<\/p>\n\n\n\n<p>Montamos las claras<\/p>\n\n\n\n<p>1. Comienza a batir las 100 g de claras de huevo con unas deliciosas gotas de lim\u00f3n Eureka. Hasta que las claras empiezan a aumentar de volumen.<\/p>\n\n\n\n<p>2. Contin\u00faa batiendo hasta que las claras formen picos r\u00edgidos, pero aseg\u00farate de que a\u00fan mantengan una textura suave y sedosa. Este es el momento perfecto para enamorarse de la combinaci\u00f3n de la dulzura del merengue y la intensidad del lim\u00f3n Eureka.<\/p>\n\n\n\n<p>Integraci\u00f3n de Sabores<\/p>\n\n\n\n<p>1. Vierte el alm\u00edbar suavemente en forma de hilo delgado sobre las claras batidas mientras sigues batiendo.<\/p>\n\n\n\n<p>2. Contin\u00faa batiendo la mezcla hasta que se enfr\u00ede por completo. Las claras tomar\u00e1n una textura firme y brillante, listas para ser transformadas en exquisitos merengues.<\/p>\n\n\n\n<p>3. Transfiere la mezcla de merengue italiano de lim\u00f3n Eureka a una manga pastelera con la boquilla de tu elecci\u00f3n. Con movimientos suaves y precisos, crea hermosos remolinos, espirales o picos sobre una bandeja para hornear cubierta con papel pergamino.<\/p>\n\n\n\n<p>Horneado<\/p>\n\n\n\n<p>1. Coloca los merengues en un horno precalentado a 100\u00b0C y horn\u00e9alos durante aproximadamente 1-2 horas, o hasta que est\u00e9n secos al tacto y se despeguen f\u00e1cilmente del papel pergamino.<\/p>\n\n\n\n<p>2. Una vez horneados, deja que los merengues se enfr\u00eden y disfruta!<\/p>\n\n\n\n<figure class=\"wp-block-image size-large is-resized\"><img decoding=\"async\" loading=\"lazy\" src=\"https:\/\/citricospro.com.mx\/wp-content\/uploads\/2023\/08\/merengue-1024x1024.jpg\" alt=\"\" class=\"wp-image-242\" width=\"204\" height=\"204\" srcset=\"https:\/\/citricospro.com.mx\/wp-content\/uploads\/2023\/08\/merengue-1024x1024.jpg 1024w, https:\/\/citricospro.com.mx\/wp-content\/uploads\/2023\/08\/merengue-300x300.jpg 300w, https:\/\/citricospro.com.mx\/wp-content\/uploads\/2023\/08\/merengue-150x150.jpg 150w, https:\/\/citricospro.com.mx\/wp-content\/uploads\/2023\/08\/merengue-768x768.jpg 768w, https:\/\/citricospro.com.mx\/wp-content\/uploads\/2023\/08\/merengue-100x100.jpg 100w, https:\/\/citricospro.com.mx\/wp-content\/uploads\/2023\/08\/merengue-1320x1320.jpg 1320w, https:\/\/citricospro.com.mx\/wp-content\/uploads\/2023\/08\/merengue-600x600.jpg 600w, https:\/\/citricospro.com.mx\/wp-content\/uploads\/2023\/08\/merengue.jpg 1536w\" sizes=\"(max-width: 204px) 100vw, 204px\" \/><\/figure>\n<\/div><\/div>\n<\/div>\n","protected":false},"excerpt":{"rendered":"","protected":false},"author":1,"featured_media":0,"parent":0,"menu_order":0,"comment_status":"closed","ping_status":"closed","template":"","meta":{"advgb_blocks_editor_width":"","advgb_blocks_columns_visual_guide":"","footnotes":""},"coauthors":[],"author_meta":{"author_link":"https:\/\/citricospro.com.mx\/index.php\/author\/citricospro-com-mx\/","display_name":"citricospro.com.mx"},"relative_dates":{"created":"Posted 3 years ago","modified":"Updated 3 years ago"},"absolute_dates":{"created":"Posted on 10 August, 2023","modified":"Updated on 10 August, 2023"},"absolute_dates_time":{"created":"Posted on 10 August, 2023 3:36 pm","modified":"Updated on 10 August, 2023 3:42 pm"},"featured_img_caption":"","featured_img":false,"series_order":"","_links":{"self":[{"href":"https:\/\/citricospro.com.mx\/index.php\/wp-json\/wp\/v2\/pages\/235"}],"collection":[{"href":"https:\/\/citricospro.com.mx\/index.php\/wp-json\/wp\/v2\/pages"}],"about":[{"href":"https:\/\/citricospro.com.mx\/index.php\/wp-json\/wp\/v2\/types\/page"}],"author":[{"embeddable":true,"href":"https:\/\/citricospro.com.mx\/index.php\/wp-json\/wp\/v2\/users\/1"}],"replies":[{"embeddable":true,"href":"https:\/\/citricospro.com.mx\/index.php\/wp-json\/wp\/v2\/comments?post=235"}],"version-history":[{"count":3,"href":"https:\/\/citricospro.com.mx\/index.php\/wp-json\/wp\/v2\/pages\/235\/revisions"}],"predecessor-version":[{"id":243,"href":"https:\/\/citricospro.com.mx\/index.php\/wp-json\/wp\/v2\/pages\/235\/revisions\/243"}],"wp:attachment":[{"href":"https:\/\/citricospro.com.mx\/index.php\/wp-json\/wp\/v2\/media?parent=235"}],"curies":[{"name":"wp","href":"https:\/\/api.w.org\/{rel}","templated":true}]}}